.
-4
Evaluate (-42 - -60) + -6 + -21.
-9
Calculate 37 - 103 - -38 - (-10 - 0).
-18
What is (28 - 5) + (-2 - 3) - (12 + -11)?
17
(0 - 11) + 0 + 7 - -23
19
Evaluate 26 + ((-23 - -14) + 27 - 18).
26
Calculate -18 + (3 - -2) - -21.
8
Evaluate -4 + 0 + (101 - 92) + 1 + -19.
-13
Calculate -3 + (-2 - (-15 + 4)) - (-1 + 19).
-12
9 + (7 - (-6 - (7 + 4 - 45)))
-12
What is the value of -6 - (-6 - -57) - -30?
-27
-9 + -3 + 0 + 43 + -18 + -3
10
Evaluate 4 + (-4 - 0) + (18 - 27) + 2.
-7
Evaluate (45 - 5) + -181 + 164.
23
-6 - (-3 + (-8 - -13) + 1)
-9
(25 - (-17 - -46)) + -2 - (0 + 5)
-11
Evaluate -5 + 2 + (-10 + -2 - (27 - 63)).
21
Calculate -479 + 472 - (-24 - 1).
18
What is the value of (7 - 15 - -7 - -3) + (2 - 7)?
-3
What is (12 - 0) + 118 + -135 - -42?
37
24 - ((16 - 17) + 22)
3
What is 4 - (23 + -12 - -5)?
-12
Evaluate 5 + 11 + -7 + (11 - 5).
15
Calculate (3 - (-2 - -11)) + 14 + -29.
-21
Evaluate -19 + 53 - 23 - 10.
1
-3 + ((-2 - -4) + -18 + 9 - 2)
-12
What is -41 - (82 + -94 - (-3 - -4))?
-28
Calculate (-53 - -86) + 1 + -4 + -3 + -1.
26
Calculate -60 - (-30 - -8) - (-5 + 3 + -1).
-35
What is the value of 2 + (6 + 1 - (9 + 9)) + 29?
20
What is the value of (27 - (17 + 7)) + (-2 + -12 - -2)?
-9
Evaluate (-9 - (-26 - (9 - 23))) + 24.
27
Calculate 929 + -901 - (37 + -1).
-8
What is the value of 17 + -18 + 23 - 16?
6
What is the value of 152 + -164 - (1 + 0)?
-13
What is 4 + 1 + 0 - (-8 - (46 - 72))?
-13
What is the value of -5 + 6 - (-6 - -3) - (3 + -3)?
4
Calculate 2 + -12 + (-10 + 35 - 16).
-1
8 + (0 + 4 - 8) + 5
9
What is the value of 14 - (-33 + (33 - -15))?
-1
What is 1 + ((-9 - -15) + 7 - -10)?
24
Calculate 1 + -1 + -6 + -1 + -15 + 2.
-20
Evaluate (-4 - (-1 + 3)) + 0 + (3 - -17).
14
48 + -8 - (17 - -3)
20
What is the value of -6 + -12 + 30 + -19?
-7
Calculate -6 + (2 - -9) - 33.
-28
-5 + 0 + -3 - (8 + 2 + 0)
-18
What is (2 - 0) + -6 + 8 + (-34 - -40)?
10
What is -8 + (3 + -4 + 2 + 1 - 1)?
-7
What is -20 + (295 + -303 - (0 - 3))?
-25
What is the value of 1 - 9 - (0 - -4) - -23 - -9?
20
What is the value of -10 - 2 - (-68 + 49)?
7
-2 + 36 + 22 + -29 + (0 - -2)
29
Calculate 41 + 25 + (44 - 126).
-16
What is (-16 + 7 - -3 - (-3 - 30)) + -3?
24
Calculate 72 - 80 - (-16 - (2 - 2)).
8
What is the value of -50 - -46 - (2 + -16)?
10
What is -25 + (20 - 22) - -31?
4
Calculate 26 - (-37 + 22) - 24.
17
Evaluate -11 + 31 + -5 + -5 + 0.
10
What is (3135 - 3127) + (-12 - ((-2 - -1) + 0))?
-3
Calculate 52 + -52 - (2 + (3 - -2)).
-7
Calculate 23 - (62 - 21) - -18.
0
-9 + 8 + 7 - (6 + -5)
5
What is 1 - 3 - (6 + 12 + -7)?
-13
(5 + 1 - -8) + 69 + -50
33
Calculate 30 + (-21 - (11 + -4 - 17)).
19
What is -4 + 7 - (-12 + 4 + 17)?
-6
-14 - -16 - 15 - -16
3
Evaluate -29 + (-67 - -95) - (0 + 0 + -3).
2
Evaluate 247 + -224 + (1 - 12).
12
What is 3 + 0 + -20 + 6 - -27?
16
What is 817 - 856 - (-1 - 24)?
-14
What is the value of 1079 + -1087 + (0 - 15)?
-23
Evaluate 0 + 35 + (-951 - -951).
35
(11 + -6 - 12) + -2 - -30
21
Calculate -4 + -21 + -11 + 25.
-11
19 + 53 + -38 - (-1 - -18)
17
Calculate 6 - (-6 - -7 - -4 - 12).
13
Calculate -5 - ((3 - 4) + -7 + -2).
5
Evaluate -11 + -8 + -22 + 52 - 6.
5
12 + 26 + 22 + -40
20
What is the value of -5 + 4 - -17 - (1 + 6 + -1)?
10
What is the value of 1 - 3 - -34 - (-27 - -40)?
19
Calculate -9 - (-1 + (0 - 13) + 6).
-1
15 - (39 - (0 + 12))
-12
Evaluate -8 - (15 - (-6 + 1 + 11)).
-17
What is the value of (-36 - (-3 - 21)) + 10 + 0?
-2
Evaluate -26 + 46 - (7 - -1).
12
What is 26 + (1 - (-1 + 2)) - (-1570 + 1576)?
20
Evaluate 0 + -21 - (-5 + (13 - 9)).
-20
What is -11 - (-22 + 28 + -31)?
14
Evaluate 8 + 3 - (-47 + (41 - 22)).
39
Evaluate -11 + (16 - 3) - (2 - (-3 + 3)).
0
Evaluate 25 - (6 + 20 - 13).
12
What is (6 - (19 - 1)) + 12?
0
Evaluate 3 - (5 + (-1 - -7 - (0 - -4))).
-4
Evaluate (-8 - (20 - 34)) + 1 + 5.
12
Evaluate (-4 - 6) + -8 - -27.
9
8 + -7 + -6 + (9 - 3) + -3
-2
(-519 + 526 - (-13 + 0)) + 7
27
Calculate (9 - (18 - 10)) + -1.
0
Calculate (21 + -28 - (-6 - -3)) + (1 - 4).
-7
Calculate 22 - (-14 + -8 - -58).
-14
What is 25 - (-12 - (-33 - -25))?
29
What is 3 + -18 - (4 + (2 - 6 - 6))?
-9
Calculate (2 - (-4 - -9)) + (1 - -1 - -6).
5
Evaluate 3 - (3 + 2 - (2 + 6 + -8)).
-2
What is the value of (2 - 3 - 2) + (5 + 4 - 0)?
6
Evaluate (6 - 7) + 12 - 23.
-12
What is 4 + (10 - 13) - 0 - -8?
9
(-11 + 23 - 17) + -15 + 7
-13
What is 6 - (-5 - 0) - 14 - (12 + -1)?
-14
What is the value of -10 - (-21 + 12 + -3 + -4)?
6
What is the value of (8 - 3) + 1 + -11 + -2?
-7
Evaluate 53 + -3 - 63 - (2 - 41).
26
What is the value of (29 - 36) + -29 + 21?
-15
What is the value of -13 - 0 - (-31 + (40 - 9))?
-13
What is 3 + 0 - (-7 + 7) - 9?
-6
Evaluate -8 + 2 + (15 - (15 + -6)).
0
What is the value of -5 - -28 - (34 + -21)?
10
Evaluate -27 + 17 + -31 - -5.
-36
Evaluate (172 - 175) + 4 + -21 + -4.
-24
11 + -20 + -11 + 2
-18
What is the value of -25 - (-7 - -2) - -13?
-7
Calculate 11 + (-1 - 5) - (-184 - -203).
-14
What is (-4 - 1 - 1) + 1 + -1 - 6?
-12
-1294 - -1284 - (-2 + 6 + 1 - 0)
-15
-41 - (3 + -41 + 23)
-26
What is the value of (-25 - -26 - 42) + 10?
-31
Calculate -8 + -27 + (6 - (-2 + 4)).
-31
Evaluate (392 - 395) + 0 + -5 - (-43 + 2).
33
What is the value of 14 + (11 - 24) + -11?
-10
2 + -10 + (-19 - (3 + -5)) + 4
-21
What is the value of -6 + -6 + -2 + 10?
-4
What is the value of 2 + -1 + (12 - 30)?
-17
(34 - 36) + -3 + (3 - 2 - -5)
1
(-47 - -57) + (3 - 0 - -4)
17
Evaluate (0 - 2) + (14 - (-15 - -33)).
-6
Evaluate 0 + (-1 + -5 - (-2 + -2) - -13).
11
What is -8 + 1 + 52 + (-14 - -9) + -11?
29
What is the value of 14 + (-6 + (2 - -1) - 9)?
2
Calculate -2 - (-5 - 1) - (-40 + -3 + 38).
9
What is (6 - (-3 + -3 + 4)) + 2 + -20?
-10
-2 + ((-5 - -1) + 2 + -2 - 1)
-7
What is -21 + (7 - (17 + -8 + 8) - -5)?
-26
What is -19 + (4 - (8 + -10))?
-13
What is -17 - (-8 + -25) - 17?
-1
-42 + 16 + 5 - -34
13
Calculate 46 - 23 - (56 - 3).
-30
What is the value of -8 + 1 + 3 + -4 - (-28 + 21)?
-1
Evaluate -28 - (-3 + (1 - 7)).
-19
Evaluate 8 - (-4 - -5) - (0 - (0 + -11)).
-4
Evaluate -6 - ((-10 + 0 - -20) + -7) - -23.
14
Calculate 1 - 2 - (-13 + 5 + (62 - 39)).
-16
What is the value of -23 + 11 - -13 - -9?
10
What is (-54 - (-57 + 16)) + 44 + -1?
30
Evaluate 18 - (7 - (33 + -19 - 13)).
12
Evaluate 3 + -25 - -25 - (0 + 9) - 8.
-14
-15 + 7 + -1 - (-24 - -12)
3
What is the value of -7 + 17 + 4 + 0 + -3 + 2?
13
(0 - (13 - 10)) + 1 + -4 + 4
-2
What is -20 + (23 - -8) + -2?
9
Evaluate 2 + -8 + 0 + -7.
-13
What is (1 - 1) + (-21 - -26 - 14)?
-9
-7 + (14 + -2 - (4 - 3)) - 34
-30
What is 34 - 8 - 9 - 2?
15
What is the value of (1 + -2 - (17 + -14 - -3)) + -1?
-8
10 - (-7 + (8 - (13 + -7 + -8)))
7
Calculate (-45 - -50) + -2 + (2 - (7 - 2)).
0
Evaluate 0 - 2 - (-12 + 7 + -9).
12
4 + 4 - (12 + -1)
-3
What is 8 + 7 + -16 + -6 + -8 + -1?
-16
-8 + 24 + -3 - -10
23
Calculate -4 + -7 - (11 - 9 - 10) - 3.
-6
Calculate 16 - (1 - (-12 - (-22 + 1))).
24
Calculate (-6 + 16 - 3) + -17 + 1.
-9
What is the value of (-12 + -1 + -5 + 12 - -6) + 9?
9
Calculate 7 + -15 + 6 - (-4 + 3 + 7).
-8
Evaluate 32 - (11 - -24) - -3.
0
What is the value of -25 + -9 - -21 - -13?
0
Calculate 4 + -23 - (11 - (1 + 9)).
-20
What is -4 - ((4 - -5) + -6 + -3 + -42)?
38
What is the value of -2 + -2 + 5 + -7 + 9 + 1?
4
Evaluate 12 + -14 + (2 + -3 - -3).
0
What is the value of -2 - -2 - (-11 + (24 - 9))?
-4
What is the value of (-16 - (0 + -3 - -5)) + 160 + -157?
-15
18 + 3 + -37 - -11
-5
Evaluate (13 - 12) + -79 + 57.
-21
Calculate 7 + -19 + (-5 - -5).
-12
-2 + 19 - (-2 + 2 + 8)
9
15 + -36 - (-53 + 10)
22
2 - 6 - (-15 + (15 - 0 - 7))
3
Evaluate -2 - 2 - (-69 - -78).
-13
-103 - -113 - (17 - -1)
-8
What is the value of 8 - -2 - (-7 - (30 - 43))?
4
Calculate 49 - (-21 - (-57 + -1)).
12
What is 31 - (38 - (13 + 6))?
12
Calculate (-10 + 24 - 8) + -25 - -7 - -14.
2
What is the value of 32 + (16 + -57 - 15)?
-24
Calculate 9 - (-6 - (-17 - -8)) - (1 + 11).
-6
Evaluate (-16 - (7 + -19)) + (-2 - -23) + -2.
15
What is 7 + (4 - 14) + -4?
-7
What is the value of -22 + -6 + 1 + -1 + 200 + -186?
-14
-1 + -2 + (-16 - (21 + -17))
-23
Calculate -62 - -51 - (1 + -13).
1
Calculate -78 + 82 + 5 + -29.
-20
What is -7 + 18 - ((-27 - -10) + 4 - -4)?
20
Calculate -29 + 11 + 4 + 3 + -14.
-25
What is the value of -4 + 19 - (7 - (-3 + 2))?
